7
Let g = -118 - -182. What are the prime factors of g?
2
Let f = -3 + 3. Suppose f = -5*z - 1 + 16. Suppose -o - z*o + 24 = 0. List the prime factors of o.
2, 3
Let x = -2 - -4. Suppose -91 = -3*k - 1. Suppose -c = x*c - k. What are the prime factors of c?
2, 5
Let r be (-1)/((2/(-3))/2). Suppose 2*x - r = 13. List the prime factors of x.
2
Let f be (-2)/(-4) - (-102)/(-12). Let i be (-3)/(-9)*(1 - f). Suppose 5*b - i*b - 18 = 0. List the prime factors of b.
3
Let p(b) = 8*b**2 + 5*b - 1. Let z(h) = 8*h**2 + 4*h - 1. Let d(a) = 3*p(a) - 4*z(a). Let f be d(-2). Let o = f - -50. What are the prime factors of o?
3, 7
Suppose 6 = -4*b + 2*b - 4*j, -2*b + 3 = j. Let i be (-11 - -5)*(-1)/2. Suppose 9 = 3*o + b*a, -3*o + 5*o + i*a = 2. List the prime factors of o.
7
Suppose 0*n = -2*n - 12. Let m = 3 - n. What are the prime factors of m?
3
Let f be (-5)/2*(-12)/15. Let c = 2 + f. What are the prime factors of c?
2
Suppose z + 0*z - 5 = 0. Suppose z*c - 41 = 29. What are the prime factors of c?
2, 7
Let h be 0 - 4 - (0 - -2). Let s = h + 6. Suppose 3*x = 12, -5*f - 4*x + 7*x + 53 = s. What are the prime factors of f?
13
Suppose -3*m + 5*m - 32 = 0. List the prime factors of m/(-16) - (-25)/1.
2, 3
List the prime factors of (8/6)/(15/90).
2
Let i(w) = -6*w + 7. Let t(k) = 7*k - 8. Let z(l) = 6*i(l) + 5*t(l). List the prime factors of z(0).
2
Let r = 10 + -15. Let t(w) = w**3 - 6*w**2 + 6. Let k(o) = -2*o**3 + 12*o**2 - o - 12. Let q(l) = r*t(l) - 2*k(l). List the prime factors of q(6).
2, 3
What are the prime factors of (-51)/2*(-9)/((-108)/(-8))?
17
Let n(z) be the first derivative of z**3/3 - 6*z**2 + 12*z + 1. Let c be n(12). Let o = c + -7. List the prime factors of o.
5
Let b = 274 + -190. List the prime factors of b/8*8/6.
2, 7
Let w(q) = 2*q - 10. Let c be w(6). Suppose -c*h - 5*k = 3*h - 145, 2*h = 5*k + 37. What are the prime factors of h?
2, 13
Suppose 21*c - 10*c - 3190 = 0. What are the prime factors of c?
2, 5, 29
Suppose -2*w - 2*j = 2 + 14, -6 = w + 3*j. Let v(d) = d**3 + 10*d**2 + 7*d - 10. List the prime factors of v(w).
2
Suppose -106*l + 105*l = -272. What are the prime factors of l?
2, 17
Suppose -2*u + 4 + 10 = 0. Let x(n) = -n**3 - 9*n**2 - 8*n + 10. Let k be x(-8). Suppose f - u = -p, 0*p + p - k = -2*f. List the prime factors of f.
3
Suppose -c = -2*f - 1, f + 3*c - 5 = 12. Suppose -5*p = -5*k + 40, f*p - p - 58 = -5*k. List the prime factors of k.
11
Suppose -2*u + 11*u = 144. What are the prime factors of u?
2
Let k = 111 - 73. List the prime factors of k.
2, 19
Let a = 10 + -6. Suppose a*o = -y + 69, -2*o + 3*y + 32 = -13. What are the prime factors of o?
2, 3
Suppose 5*a - 6 = 9. Let o = a + 2. Suppose -4*l = o*k - 6, k = 2 - 4. What are the prime factors of l?
2
Let j be -2*(3 - (-86)/(-4)). Suppose -2*h + j = -4*q - 5, -5*h + 72 = q. List the prime factors of h.
3, 5
Suppose 4*s - 2*q = 2*s - 26, 31 = -3*s + q. Let n = 17 + s. List the prime factors of n.
2
Suppose -2*i = 8 + 16. Let u = -7 - i. What are the prime factors of u?
5
Suppose 0 = 5*g - 10, -4*z + 0*z - g = -18. Suppose -4*j = -2*j - 5*f - 86, z*j - 184 = 4*f. List the prime factors of j.
2, 3
What are the prime factors of 925/6 + 2/(-12)?
2, 7, 11
Suppose -r + 4 = -2*r, 4*o - 2*r - 28 = 0. Suppose -o*u + 56 = -u. List the prime factors of u.
2, 7
Let h(r) = r + 1. Let c be h(-7). Let s be 1 - (-3)/(c/10). Let b(x) = -6*x - 6. What are the prime factors of b(s)?
2, 3
Let q = 30 - 20. Suppose h - 4*u - 2 = 0, -2*u + q = 5*h + u. Suppose -h*n + 12 = n. What are the prime factors of n?
2
Let v = 6 - 6. Suppose t = r - 4 + 5, t + r + 9 = v. List the prime factors of 3 + 10*(-2)/t.
2
Let w(v) = -v**3 + 16*v**2 + 19*v - 3. List the prime factors of w(17).
31
Suppose 0 = -3*s + 108 + 21. List the prime factors of (-2)/(-5) - s/(-5).
3
Let w be 1 + (-5)/(10/(-12)). Let j be 70/(-4) - -4 - (-1)/2. What are the prime factors of j/(-2)*(w - 5)?
13
Let o(u) = u + 8. Let q be o(-7). Let b be q*(0 - 1*-4). Suppose -b = -h + 2. List the prime factors of h.
2, 3
Let s = 5 + -14. Let u = s - -34. Let x = u - 15. What are the prime factors of x?
2, 5
Let m(n) = -n**3 - 7*n**2 - 7*n - 6. Let b be m(-6). Suppose -2*t + 0*t = b. Suppose -j + 3*r + 16 = 0, -2*j + t*j = -3*r - 20. List the prime factors of j.
2
What are the prime factors of 63*(2/2)/3?
3, 7
Let v(u) = 34*u**2 - 2*u + 1. Let m be v(1). Let z = m - 18. What are the prime factors of z?
3, 5
Let a be 2 + -1 - (-1)/(-1). Suppose 0 = 3*v - a*v + 5*t - 46, -5*v = 2*t - 64. List the prime factors of v.
2, 3
Let t = 828 - 539. What are the prime factors of t?
17
Suppose 5*o = 2*g - 326, 6*g - g - 815 = -4*o. What are the prime factors of g?
163
Let x(z) = 2*z. Let l be x(1). Suppose -1 + 8 = -q + 4*y, l*q - 22 = -4*y. Suppose -q*d = 1 - 36. List the prime factors of d.
7
Let b = 133 + -96. What are the prime factors of b?
37
Let s = 101 - 53. What are the prime factors of s?
2, 3
Let i(p) = -3*p + 2*p**2 + 8*p - p**2 + 1 + p. Let s be i(-7). Let b = s - 4. List the prime factors of b.
2
Suppose 0 = 5*j - j - 8. Suppose -30 = -j*x - 3*x. List the prime factors of x.
2, 3
Suppose 0*h + 9 = h. What are the prime factors of 3*39/h*1?
13
Suppose 4*l - 1359 = -5*l. What are the prime factors of l?
151
Let c(a) be the third derivative of -a**4/24 + a**3 + a**2. Let m be c(7). List the prime factors of -2 + 6 + m + 1.
2
Let l = -40 - -127. What are the prime factors of l?
3, 29
Let t be 3 + (3 - -2)*-1. Let b be 0/(2*-2 - t). What are the prime factors of 11 - (b - (-2 - -4))?
13
Let y be 15/(-3) - 0/(-2). Let x be y + 4 + (-1 - 0). What are the prime factors of 0 + 14 + -1 + x?
11
Suppose -3*k + k + 191 = -3*p, k - p = 94. List the prime factors of k.
7, 13
Let l = -2 + -1. List the prime factors of (-6)/2 - l - -3.
3
What are the prime factors of 25950/90 - 2/6?
2, 3
Suppose -q - 2*q = 0. Suppose q*r + 8 = 4*r. Suppose -21 = -r*f - l, -4*l + 4 = -f - f. List the prime factors of f.
2
Let v = 11 - 0. List the prime factors of v.
11
Suppose 3*i + i - 20 = 0. What are the prime factors of (i*-8 + -2)/(-2)?
3, 7
Let u(b) = -b**3 - 4*b**2 + 5*b + 2. Let p be u(-5). Let o = -2 + 6. Suppose -o*g = -p*g - 12. What are the prime factors of g?
2, 3
Suppose -16 = 2*u - 0*u - 2*w, 3*u = -w - 8. Let a be (-2 + 2)*2/u. Suppose -12 = -3*f - a*f. What are the prime factors of f?
2
Let y be (-1)/1 + (3 - 0). Suppose y*r + 9 = 2*a - 3*r, a - 5*r = 7. Suppose 3*j = -4*d + 24, 5*j = -d + a*d - 29. What are the prime factors of d?
3
Let s(c) = c**3 - 6*c**2 - 6*c - 5. Let p be s(7). Suppose -3*m = p*m - 25. List the prime factors of 4/m*(-100)/(-8).
2, 5
Let d be ((-26)/(-6))/(4/12). Let f = d + -3. What are the prime factors of (f/4)/(6/12)?
5
List the prime factors of ((-6)/(-3) - 1)/(6/1770).
5, 59
Let h = 17 + -10. List the prime factors of (1 - -7)*7/h.
2
Let h be (-5)/(-10) + 6/4. Suppose -2*a - f = -7, 5*a - h*f + 20 = 3*f. List the prime factors of (-21)/(-2) + a/(-2).
2, 5
Suppose 10 = 7*v - 2*v. Suppose -4*w - v = -14, -4*x + 3*w = -15. List the prime factors of (-6)/(2 - 16/x).
3
Let k = 11 - 8. List the prime factors of (k - -24) + -3 + 2.
2, 13
Let y be (5/((-10)/12))/2. Let r be ((-18)/8)/(y/(-16)). Let l = -9 - r. List the prime factors of l.
3
Let y = 242 - 162. What are the prime factors of y?
2, 5
Let i(l) = 2*l + 9. Let t be i(-6). Let w = t - -9. What are the prime factors of w?
2, 3
What are the prime factors of (-849)/(-15) + (-6)/(-15)?
3, 19
Suppose 0 = -11*v + 9*v + 24. What are the prime factors of v?
2, 3
Let w(m) = m**2 + 8*m - 8. What are the prime factors of w(-12)?
2, 5
Suppose 5*s + 0*k - 38 = 4*k, s - k - 8 = 0. Let l be (s/8)/(4/(-16)). List the prime factors of ((-4)/(-3))/(-1)*l.
2
Let r(z) be the third derivative of -z**7/1260 - z**6/720 + z**5/30 + z**2. Let x(w) be the third derivative of r(w). List the prime factors of x(-3).
11
Let w = 3 - -1. Suppose -w*g + 6 = -g. List the prime factors of (0 + -11 + g)/(-1).
3
Let s(u) = -u - 3. What are the prime factors of s(-7)?
2
Suppose -3*s + 4*s - 2 = 0. Suppose -3 = -a + s*g - 3*g, -4*a + 6 = -2*g. Suppose -5 = -a*r + 19. List the prime factors of r.
2, 3
Suppose -4*w - 45 - 11 = 0. List the prime factors of w*(-2)/(-6)*-3.
2, 7
Suppose r - 8 = -r. Let q = 4 + -4